Calculate 25 + -10 + 6 + -34 + 19.
6
Evaluate 17 + (20 - 20) + -24.
-7
Evaluate ((0 - 3) + 12 - 18) + -6 + 10.
-5
Calculate (-1 - -1) + (3 - 1) - (-160 + 167).
-5
11 - (-18 + (9 - -1))
19
What is the value of (-33 - 1) + (83 - 61)?
-12
Evaluate -25 + 11 + 13 - 6.
-7
What is the value of -1 + 8 + -97 + 80?
-10
Evaluate (-4 - -8 - 3 - (2 - -1)) + -8.
-10
17 + -26 - (-3 + -3 - 6)
3
Evaluate -4 + (-30 + 23 - -6).
-5
What is (-6 + 4 - -5) + (12 - 33)?
-18
What is -5 + 10 - (-1 + 3) - -19 - 7?
15
-6 + -5 + (18 - (-7 - -2))
12
Evaluate -32 + 20 - -20 - (0 + 15).
-7
What is -7 + 15 - 8 - -22 - 10?
12
What is -7 + (-8 + 1 - -10)?
-4
Evaluate 4 - 10 - (-9 - (6 - 4)).
5
Evaluate (3 - 8) + -2 - (13 - (13 - 1)).
-8
What is the value of 7 - (13 + -14) - (15 + 1)?
-8
Calculate 516 + -507 + 1 + (2 - 9).
3
What is 0 + 1 + 8 + -18 + 20 - 1?
10
What is the value of (-5 - (-15 + 13)) + (-30 - -26)?
-7
What is the value of 14 + (35 - 14) + -58?
-23
What is the value of -14 - (1 - (-1 + 0) - (-3 + -4))?
-23
0 + -7 + 95 + -65 - 3
20
Evaluate -4 - (27 - 24 - 2).
-5
What is 8 + -2 + (-37 - (-24 + 7))?
-14
What is -261 + 257 + (-2 - -1) + 9?
4
Evaluate -1 + 4 - (-9 + (54 - (21 - 4))).
-25
-17 + 7 + -5 + 5 + 8 + 3
1
-8 - -11 - 19 - -24
8
What is -18 + (45 - 3) + 21 + -8?
37
What is the value of (-26 - (-23 + 10)) + -7 + (2 - -1)?
-17
What is -30 + (21 - 26) + 28?
-7
14 + -2 + -3 + (-8 - (1 - 11))
11
What is 8 - (-13 - -27) - -15?
9
What is -25 + 34 + -31 + -9?
-31
2 - 30 - -19 - (-30 - -1)
20
Evaluate -6 + (3 - (-10 - 5)).
12
Calculate -1 + -7 + 16 + (0 - 2) - 21.
-15
What is 4 + 16 + -11 - 6 - (-23 - 2)?
28
Evaluate 7 - 39 - (61 - 88).
-5
What is the value of -6 + -3 + 152 + -150?
-7
Evaluate 14 - -6 - (39 - 25).
6
What is 3 + -8 + (-109 - -116) - (-2 + -7)?
11
Calculate 4 + 2 - (31 - 24) - (0 + 3).
-4
0 - 9 - (3 - (8 + 13 + -17))
-8
What is 5 + (-14 - -8) + -9?
-10
What is the value of 19 - (5 - 4) - 42?
-24
What is the value of (10 - (24 + -7)) + (-1 - -1)?
-7
0 - (2 + (-4 - (4 + -5)))
1
13 - (-13 + 5 + 23)
-2
What is the value of 12 + (-1 - -16 - (-38 - -44)) + -7?
14
What is 0 - -4 - ((0 - -10) + -9)?
3
Evaluate -10 + -2 - -7 - (-8 - -31) - -6.
-22
Calculate -16 + 18 - (2 - -2) - (5 - -2).
-9
What is the value of 2 - (-6 - (-13 - (-11 - -2)))?
4
What is the value of 7 + -2 - ((13 - (10 - 7)) + -17)?
12
What is (7 - (1 - (6 - 5))) + -7 + -19?
-19
What is the value of ((3 - 15) + 11 - -13) + -17?
-5
What is the value of -3 + 32 + -3 - (-725 - -740)?
11
Calculate 6 + (-1 + -2 - -4 - -4 - -3).
14
What is (-8 - 19) + 42 + -20?
-5
What is the value of -9 + 2 + 16 - (-11 + 15) - 13?
-8
(-11 - 1) + (20 - 10)
-2
Evaluate 2 + 18 + (403 - 391).
32
Evaluate -1 - -1 - (-214 + 198) - 11.
5
Calculate (11 - 3) + 3 + -5.
6
Calculate 118 + -107 - (38 - 1) - (2 - 5).
-23
Calculate -11 + 14 + 5 - -1.
9
7 + 2 + -4 + -2 + 8
11
What is the value of -3 + -10 - (-1 + 2 + (3 - 4))?
-13
Evaluate (22 - 19) + 0 + -5 + 11.
9
Evaluate 3 + -2 + (13 - 17) - 7.
-10
Calculate 2 + 9 - (8 + (-4 - (9 - 4))).
12
Calculate -16 - (-17 - -3) - (-1 + -2).
1
(-3 - -13) + (-25 - -4)
-11
Calculate -2 + -1 + 9 + -17 + 1 + 18.
8
-3 + 6 + -3 + (18 - 23) - -10
5
What is the value of 2 + (-6 - 1) - (-10 - (7 + -5))?
7
What is 2 + -1 + -3 + -473 + 475?
0
What is 2 - 16 - (-61 - -64)?
-17
Calculate (24 - 9 - 54) + (-7 + 11 - -1).
-34
8 + 0 - (135 + -128) - -19
20
What is the value of 5 + -1 - (-10 + -4 + 11)?
7
What is the value of -65 - -69 - (0 - -2) - 28?
-26
Evaluate -1 + -10 + (39 - (27 - -15)).
-14
Evaluate 4 + (0 + -3 + 9 - 14 - -3).
-1
Evaluate (4 - (15 + -8)) + 12.
9
What is 8 + -41 + (0 - (0 + -9 + 2))?
-26
Evaluate -13 - (-10 - (-8 + (7 - 14 - -10))).
-8
Calculate 12 - 23 - (-1 - 1).
-9
What is (1 + 0 - (0 - -1)) + 20 + -20?
0
What is the value of -8 + -5 + 19 - ((-5 - -16) + -10)?
5
4 + -2 + -6 + 11 + 8
15
-3 - (31 + -26 + -11)
3
Evaluate 0 + 6 - (0 + -18 + 0 + 10).
14
What is (-688 - -668) + (-2 - 2)?
-24
What is the value of 19 + -43 - (3 - 15)?
-12
Calculate -8 - (4 + -15) - -3.
6
Evaluate (-12 - -16) + -5 + (-1 - -27) + -6.
19
Calculate -8 + 2 + 26 + -47 + (-1 - -8).
-20
10 + 6 + -25 + 1 + 3
-5
11 + -13 + 5 + 8
11
Evaluate ((-7 - -5) + 22 - (-4 + 8)) + -5.
11
Calculate 16 + 4 + -6 + (-35 - 3).
-24
What is (10 - ((-3 - 2 - 2) + 3)) + 0?
14
Evaluate -41 + 44 + (-18 - -13 - (-7 + 1)).
4
Calculate 27 - (-7 + (26 - 1)).
9
Evaluate 9 - ((15 - -3) + -27).
18
What is (107 - 148) + 1 + 14?
-26
What is -9 + 28 + 1 + -17?
3
Evaluate -6 - -10 - (22 + -9).
-9
Evaluate -66 + 60 + 7 + 18.
19
What is the value of (1 + 1 - 8) + 10 + -2?
2
-1 + -9 - -42 - (-9 - -12 - -6)
23
Evaluate 25 + 28 + -31 + (2 - 15).
9
Calculate (-44 + 57 - -15) + 4.
32
(-4 - -3) + (-4 - 1 - -12) - 4
2
Evaluate 31 - (-28 + (-10 - -58)).
11
What is the value of 13 - (-25 + -9 + 20 + 31)?
-4
Evaluate 3 + -5 + (12 - 6 - 2) + 3.
5
Evaluate (-11 - (-11 - -12)) + (-2 - -7) + -6.
-13
Calculate -13 - -59 - (36 + -3).
13
What is 3 - -8 - (-42 - -28 - -16)?
9
Calculate 16 - ((7 - 1) + (128 - 128)).
10
-47 - (-5 - (-22 + 47))
-17
-5 + (-26 + 13 - 2)
-20
41 + -4 + (1 - -14) + -14 + -6
32
-2 - (1 + 2 + -14 + 5 + 5)
-1
What is 12 - (27 - 14) - (12 - 1)?
-12
-20 + 8 + 9 + -13 + 11
-5
What is the value of 1 + 3 + (-2 - (3 - 4 - 3))?
6
Calculate -37 - -47 - (-14 + 21).
3
What is -1 - ((-16 - (31 - 25)) + (0 - 6))?
27
Evaluate 14 + 17 + -44 + 14.
1
-35 + 45 + (-37 - -27)
0
What is the value of 2 + -2 - (18 - (4 + 1 - 3))?
-16
What is 10 - (-6 + 0 + 17) - (-11 + -1)?
11
What is the value of 4 - -5 - (53 + -33)?
-11
(-6 - (0 - 0)) + 15 - 17
-8
5 - (12 - 39 - -51)
-19
Calculate -8 + -4 + 8 + 6 + -8 + 8.
2
What is the value of (20 - 31) + 13 - 14?
-12
Evaluate (-13 - -19) + -11 - -5.
0
7 + -1 + -4 + -11
-9
-7 + (-29 - -4) + (2 - -12)
-18
What is the value of 2 + -5 - (52 + -43)?
-12
Calculate 5 + (3 - 5) + -10 + -7 - -1.
-13
What is (1 - -1 - 0 - 9) + 504 + -505?
-8
-2 + (2 - (9 + -2))
-7
What is the value of 4 + 11 - (-11 + -5 - -21)?
10
What is (1 - -1) + (37 - 43) - 10?
-14
(4 - 6) + 7 - (8 - (5 - 0))
2
Evaluate 2 + -12 + (14 - 17).
-13
What is the value of (-6 - (-8 - 2)) + -2 + -11 + 4?
-5
What is 4 + (-16 + 0 - -15)?
3
What is the value of -10 - -11 - (-9 - (-3 + (4 - -4)))?
15
What is the value of (-17 - -27) + -13 - 9 - (-10 - -2)?
-4
19 + -16 + -9 + 18 - 22
-10
What is 10 + -2 - (35 + -37 + 4)?
6
What is 5 + -30 + 1 + 6 + 2 + -1?
-17
What is 1 - (-9 + -2) - (7 + 2 - 9)?
12
What is the value of 25 + (4 - -2) + -28?
3
10 + (2 - (49 - ((-7 - -7) + 11)))
-26
What is 11 - 1 - (152 - 143)?
1
What is the value of (0 - -1) + (2 - 6) + (6 - 5)?
-2
(-13 - (83 + -87)) + -6 + (-1 - -1)
-15
What is (-7 - (-1 + (-2 - 0 - -1))) + 4?
-1
What is the value of -46 - -5 - (-8 + 7 - 4)?
-36
What is the value of (9 + -2 - 0) + -26 + 4?
-15
What is 3 - (-16 - (-12 + 0) - 2 - 9)?
18
Evaluate (3 - -11) + (1 - (5 + -5 - -4)).
11
Evaluate (-11 - -35) + (138 - 169).
-7
What is the value of 1 + 12 + (-16 + -1 - (-232 + 213))?
15
What is -8 + 2 + 19 + -7 + (-9 - -1)?
-2
Evaluate 8 - (-17 + -31 + 80).
-24
Evaluate (19 - 52) + 18 - (-1 - -19).
-33
15 + -26 - (-40 + 0 + -4)
33
Calculate -42 + 49 + -1 + 12.
18
What is the value of 0 - (-20 + 2 - (83 + -91))?
10
What is the value of 14 - 0 - (-11 - (-25 + -5))?
-5
What is 1 + -35 + (-39 - (-10 + -32))?
-31
Calculate 34 - ((-10 - -22) + -1 + -6 + 4).
25
Calculate (-15 + 16 - 16 - 5) + 9.
-11
What is the value of 18 - (-21 + 32 - -17)?
-10
Calculate 8 - -4 - (26 - 18).
4
Calculate -7 - -40 - -6 - 20.
19
What is the value of (8 - 1) + (2 - 6 - 9)?
-6
What is -7 + 8 + -20 + 4 + (2 - -4)?
-9
15 - 11 - 5 - 10
-11
Evaluate 3 - 14 - (-69 + 42).
16
3 - ((2 - -9) + -16 + 10) - 2
-4
Evaluate -4 - 1 - (14 + 4 - 14) - 0.
-9
Evaluate -37 + 2 - ((-3 - 5) + -3).
-24
Evaluate -10 - ((-10 - (8 + -28)) + -4) - 9.
-25
3 + 20 + -33 - (-14 - 3)
7
What is the value of -4 - ((13 + -11 - 7) + (1 - -16))?
-16
What is the value of -904 - -864 - (-1 - 42)?
3
What is the value of -21 + 3 + -9 + 12 + 9?
-6
Evaluate 4 - (1 - -8 - (-65 - -61)).
-9
Evaluate 14 + (-6 - -1) - (8 + -2).
3
Calculate -8 - ((-11 - -3) + 1 - 3).
2
Calculate -11 + 8 + 5 + (-3 - (5 - -3)).
-9
What is (-1 + 14 - 7) + -3 + 9 + -1?
11
What is 1 + (-26 - (-30 + -28))?
33
What is the value of -17 + 